t is the remainder when 19389021 is divided by 99?
69
Calculate the remainder when 7300381 is divided by 3096.
13
What is the remainder when 19438 is divided by 9562?
314
What is the remainder when 1226632 is divided by 37?
8
Calculate the remainder when 138010 is divided by 3536.
106
What is the remainder when 1170037 is divided by 4091?
11
Calculate the remainder when 52288 is divided by 655.
543
Calculate the remainder when 5960526 is divided by 570.
36
What is the remainder when 51343550 is divided by 32?
30
Calculate the remainder when 1334672 is divided by 547.
539
Calculate the remainder when 70569258 is divided by 49.
46
Calculate the remainder when 160867 is divided by 160715.
152
What is the remainder when 9388488 is divided by 3676?
3660
Calculate the remainder when 9940176 is divided by 48253.
58
Calculate the remainder when 2812861 is divided by 7.
2
What is the remainder when 4726088 is divided by 429633?
125
What is the remainder when 11869695 is divided by 2577?
33
Calculate the remainder when 203539 is divided by 373.
254
Calculate the remainder when 21700096 is divided by 126.
124
What is the remainder when 22098905 is divided by 729?
728
Calculate the remainder when 21699279 is divided by 11.
8
Calculate the remainder when 1415384 is divided by 281.
268
What is the remainder when 234478 is divided by 19367?
2074
Calculate the remainder when 1072660 is divided by 678.
64
Calculate the remainder when 7011955 is divided by 381.
31
What is the remainder when 61631 is divided by 1210?
1131
Calculate the remainder when 340584 is divided by 4252.
424
Calculate the remainder when 1203121 is divided by 21.
10
Calculate the remainder when 2048423 is divided by 279.
5
What is the remainder when 12751462 is divided by 66?
64
Calculate the remainder when 12476741 is divided by 225.
41
Calculate the remainder when 35941586 is divided by 90.
86
What is the remainder when 552476 is divided by 26304?
92
Calculate the remainder when 1166145 is divided by 41610.
1065
What is the remainder when 1222769 is divided by 111?
104
Calculate the remainder when 2278434 is divided by 14.
4
What is the remainder when 40042270 is divided by 1278?
1252
Calculate the remainder when 3698621 is divided by 1232850.
71
Calculate the remainder when 1634791 is divided by 951.
22
What is the remainder when 84752 is divided by 28233?
53
Calculate the remainder when 284883 is divided by 275.
258
Calculate the remainder when 478787 is divided by 34.
33
What is the remainder when 5366362 is divided by 49232?
74
What is the remainder when 60323650 is divided by 36?
34
What is the remainder when 361872 is divided by 40?
32
What is the remainder when 399930 is divided by 99976?
26
Calculate the remainder when 11089802 is divided by 1729.
1725
What is the remainder when 10350482 is divided by 69?
68
What is the remainder when 83244 is divided by 83127?
117
Calculate the remainder when 784926467 is divided by 5030.
5027
Calculate the remainder when 9005301 is divided by 75044.
21
Calculate the remainder when 901659 is divided by 1174.
27
What is the remainder when 187359643 is divided by 6043859?
14
What is the remainder when 40500 is divided by 40492?
8
Calculate the remainder when 51330 is divided by 770.
510
Calculate the remainder when 1868873 is divided by 934192.
489
What is the remainder when 2853412 is divided by 71?
64
Calculate the remainder when 7197175 is divided by 516.
7
Calculate the remainder when 332922457 is divided by 110974146.
19
Calculate the remainder when 184657 is divided by 26303.
536
What is the remainder when 34455 is divided by 5730?
75
What is the remainder when 93577 is divided by 7156?
549
Calculate the remainder when 75101 is divided by 121.
81
Calculate the remainder when 35955 is divided by 11013.
2916
Calculate the remainder when 4676256 is divided by 1558752.
0
What is the remainder when 79911376 is divided by 7359?
7354
Calculate the remainder when 3797235 is divided by 2431.
13
Calculate the remainder when 84352 is divided by 3539.
2955
What is the remainder when 87303 is divided by 7932?
51
Calculate the remainder when 331292 is divided by 165556.
180
What is the remainder when 217605 is divided by 38?
17
Calculate the remainder when 5159561 is divided by 1666.
1625
What is the remainder when 8963419 is divided by 2987806?
1
What is the remainder when 2634435 is divided by 25?
10
Calculate the remainder when 2727 is divided by 1293.
141
What is the remainder when 785102 is divided by 784945?
157
What is the remainder when 11816863 is divided by 5908400?
63
What is the remainder when 11808 is divided by 3880?
168
Calculate the remainder when 317474426 is divided by 317474417.
9
Calculate the remainder when 3512609 is divided by 92.
49
What is the remainder when 5005788 is divided by 1884?
0
What is the remainder when 26658707 is divided by 2766?
2765
What is the remainder when 780829 is divided by 5658?
25
What is the remainder when 2706946 is divided by 261?
115
What is the remainder when 105404301 is divided by 703?
699
What is the remainder when 26966268 is divided by 131?
49
What is the remainder when 22322175 is divided by 7440716?
27
What is the remainder when 510259 is divided by 3590?
479
What is the remainder when 13412804 is divided by 238?
76
Calculate the remainder when 8656 is divided by 409.
67
What is the remainder when 663040627 is divided by 3451?
3448
What is the remainder when 122801 is divided by 61366?
69
What is the remainder when 154582558 is divided by 16?
14
Calculate the remainder when 607397917 is divided by 1880.
1877
What is the remainder when 3893352 is divided by 723?
720
Calculate the remainder when 235715 is divided by 18122.
129
Calculate the remainder when 120508 is divided by 7891.
2143
What is the remainder when 8658974 is divided by 429?
38
Calculate the remainder when 170048038 is divided by 783.
13
Calculate the remainder when 5831672 is divided by 194387.
62
What is the remainder when 558260 is divided by 186075?
35
Calculate the remainder when 5113533 is divided by 20132.
5
What is the remainder when 2747576 is divided by 132?
128
What is the remainder when 5188505 is divided by 437?
4
What is the remainder when 37381 is divided by 281?
8
What is the remainder when 82907234 is divided by 2745?
2744
Calculate the remainder when 854040 is divided by 725.
715
Calculate the remainder when 25125 is divided by 3389.
1402
Calculate the remainder when 18398180 is divided by 6132725.
5
What is the remainder when 1062498 is divided by 531248?
2
What is the remainder when 2953063 is divided by 984349?
16
Calculate the remainder when 1244760 is divided by 80.
40
What is the remainder when 144654723 is divided by 267?
264
What is the remainder when 703698 is divided by 480?
18
What is the remainder when 87547932 is divided by 5152?
5148
Calculate the remainder when 61935465 is divided by 538569.
30
What is the remainder when 1458173 is divided by 364520?
93
Calculate the remainder when 86854145 is divided by 111.
86
What is the remainder when 2574493 is divided by 3419?
3405
What is the remainder when 2733031 is divided by 32928?
7
Calculate the remainder when 20719440 is divided by 6906402.
234
What is the remainder when 127343 is divided by 127324?
19
Calculate the remainder when 2778 is divided by 1305.
168
Calculate the remainder when 143892 is divided by 2767.
8
Calculate the remainder when 1337700 is divided by 2433.
1983
Calculate the remainder when 359704 is divided by 44959.
32
Calculate the remainder when 6985614 is divided by 397.
2
Calculate the remainder when 12456663 is divided by 3114162.
15
What is the remainder when 5870106 is divided by 2919?
2916
What is the remainder when 1237677 is divided by 8599?
8020
Calculate the remainder when 57942 is divided by 8480.
7062
What is the remainder when 1427640 is divided by 784?
760
What is the remainder when 5843185 is divided by 451?
29
What is the remainder when 1069792 is divided by 356519?
235
What is the remainder when 19151749 is divided by 130?
19
What is the remainder when 871249 is divided by 73?
67
What is the remainder when 4995549 is divided by 2523?
9
Calculate the remainder when 33597752 is divided by 201.
200
What is the remaind